{"id":195,"date":"2019-12-05T21:00:46","date_gmt":"2019-12-05T20:00:46","guid":{"rendered":"http:\/\/www.skinfeel.at\/shop\/?post_type=product&#038;p=195"},"modified":"2023-02-01T14:56:17","modified_gmt":"2023-02-01T13:56:17","slug":"baby-jeanshose-felix","status":"publish","type":"product","link":"https:\/\/www.skinfeel.at\/shop\/produkt\/baby-jeanshose-felix\/","title":{"rendered":"Baby &#8211; Jeanshose Felix"},"content":{"rendered":"<p>Hochwertiges, entz\u00fcckendes Jeanshoserl, gef\u00fcttert mit einer formbest\u00e4ndiger Jerseyqualit\u00e4t aus Micromodal\u00ae, hergestellt aus nat\u00fcrlichen Rohstoffen, umschmeichelt die Haut und sorgt f\u00fcr Wohlbefinden. Ihr Baby wird sich wohlf\u00fchlen und guter Laune sein.<\/p>\n<p>Das Futter ist weich wie Seide, anschmiegsam, atmungsaktiv und temperaturausgleichend, bietet optimalen Feuchtigkeitsaustausch und ist auch bei Neurodermitis bestens geeignet. Das in die Faser eingearbeitete Algenextrakt f\u00f6rdert die Hautdurchblutung, wirkt hautschonend, pflegend und unterst\u00fctzt die Selbstheilungskr\u00e4fte der Haut. Das Obermaterial besteht aus Baumwolle, die elastischen Abschl\u00fcsse geben der Hose die n\u00f6tige Passform. Der hohe Bund, sowie die h\u00f6heren Beinb\u00fcndchen lassen das Jeanshoserl mitwachsen.<\/p>\n","protected":false},"excerpt":{"rendered":"<p>Jeanshose <strong>Felix<\/strong><\/p>\n<ul>\n<li>Oberstoff aus 95% Baumwolle, 5% Elasthan<\/li>\n<li>gef\u00fcttert mit der weichen Skinfeel Qualit\u00e4t (MicroModal\u00ae, Lyocell)<\/li>\n<li>Bund und B\u00fcndchen aus elastischem B\u00fcndchenstoff<\/li>\n<li>hoher Bund und hohe Beinb\u00fcndchen, damit das Jeanshoserl mitwachsen kann.<\/li>\n<\/ul>\n","protected":false},"featured_media":3199,"comment_status":"open","ping_status":"closed","template":"","meta":[],"product_cat":[23,41,30],"product_tag":[47,50,43],"jetpack_sharing_enabled":true,"_links":{"self":[{"href":"https:\/\/www.skinfeel.at\/shop\/wp-json\/wp\/v2\/product\/195"}],"collection":[{"href":"https:\/\/www.skinfeel.at\/shop\/wp-json\/wp\/v2\/product"}],"about":[{"href":"https:\/\/www.skinfeel.at\/shop\/wp-json\/wp\/v2\/types\/product"}],"replies":[{"embeddable":true,"href":"https:\/\/www.skinfeel.at\/shop\/wp-json\/wp\/v2\/comments?post=195"}],"version-history":[{"count":3,"href":"https:\/\/www.skinfeel.at\/shop\/wp-json\/wp\/v2\/product\/195\/revisions"}],"predecessor-version":[{"id":3412,"href":"https:\/\/www.skinfeel.at\/shop\/wp-json\/wp\/v2\/product\/195\/revisions\/3412"}],"wp:featuredmedia":[{"embeddable":true,"href":"https:\/\/www.skinfeel.at\/shop\/wp-json\/wp\/v2\/media\/3199"}],"wp:attachment":[{"href":"https:\/\/www.skinfeel.at\/shop\/wp-json\/wp\/v2\/media?parent=195"}],"wp:term":[{"taxonomy":"product_cat","embeddable":true,"href":"https:\/\/www.skinfeel.at\/shop\/wp-json\/wp\/v2\/product_cat?post=195"},{"taxonomy":"product_tag","embeddable":true,"href":"https:\/\/www.skinfeel.at\/shop\/wp-json\/wp\/v2\/product_tag?post=195"}],"curies":[{"name":"wp","href":"https:\/\/api.w.org\/{rel}","templated":true}]}}