{"id":3065,"date":"2021-02-17T15:17:59","date_gmt":"2021-02-17T14:17:59","guid":{"rendered":"https:\/\/www.skinfeel.at\/shop\/?post_type=product&#038;p=3065"},"modified":"2021-09-20T18:48:52","modified_gmt":"2021-09-20T16:48:52","slug":"babyschlafsack-nicki","status":"publish","type":"product","link":"https:\/\/www.skinfeel.at\/shop\/produkt\/babyschlafsack-nicki\/","title":{"rendered":"Babyschlafsack Nicki"},"content":{"rendered":"<p>Nicki, der fr\u00f6hlich gemusterte Schlafsack ist f\u00fcr den Einsatz \u00fcber das ganze Jahr geeignet. Dieser Schlafsack schenkt angenehme Tr\u00e4ume und ruhigen Schlaf. Er ist aus Bio-Baumwolle gefertigt und mit der herrlich, weichen Skinfeel Micromodal Qualit\u00e4t, direkt aus der Natur, gef\u00fcttert. Die gro\u00dfz\u00fcgige Form des Schlaf\/Strampelsackes bietet viel Beinfreiheit zum Strampeln. Der Kinnschutz am Rei\u00dfverschluss sch\u00fctzt Babys zarte Haut vor Verletzungen. Der lange, auch von unten zu \u00f6ffnende Rei\u00dfverschluss erleichtert das Wickeln und bietet dadurch zus\u00e4tzlichen Komfort.<\/p>\n<p>Das Material ist weich wie Seide, anschmiegsam, atmungsaktiv und temperaturausgleichend, bietet optimalen Feuchtigkeitsaustausch und ist auch bei Neurodermitis bestens geeignet. Das in die Faser eingearbeitete Algenextrakt f\u00f6rdert die Hautdurchblutung, wirkt hautschonend, pflegend und unterst\u00fctzt die Selbstheilungskr\u00e4fte der Haut.<\/p>\n","protected":false},"excerpt":{"rendered":"<p>Schlaf- bzw. Strampelsack\u00a0 <strong>Nicki<\/strong><\/p>\n<ul>\n<li>Oberstoff aus 95% Baumwolle, 5% Elasthan<\/li>\n<li>gef\u00fcttert mit der weichen Skinfeel Qualit\u00e4t (MicroModal\u00ae, Lyocell)<\/li>\n<li>Der Kinnschutz sch\u00fctzt Babys zarte Haut vor Verletzungen<\/li>\n<li>grossz\u00fcgige Passform, dadurch viel Bewegungsfreiheit zum Strampeln<\/li>\n<li>elastische Abschl\u00fcsse am Hals- und den Armausschnitten<\/li>\n<li>langer 2-Wege Rei\u00dfverschluss, auch von unten zu \u00f6ffnen, erleichtert das Wickeln<\/li>\n<li>geeignet f\u00fcr Babys von 0 bis ca. 18 Monaten<\/li>\n<\/ul>\n","protected":false},"featured_media":3195,"comment_status":"closed","ping_status":"closed","template":"","meta":[],"product_cat":[15,23,41],"product_tag":[47,75,43],"jetpack_sharing_enabled":true,"_links":{"self":[{"href":"https:\/\/www.skinfeel.at\/shop\/wp-json\/wp\/v2\/product\/3065"}],"collection":[{"href":"https:\/\/www.skinfeel.at\/shop\/wp-json\/wp\/v2\/product"}],"about":[{"href":"https:\/\/www.skinfeel.at\/shop\/wp-json\/wp\/v2\/types\/product"}],"replies":[{"embeddable":true,"href":"https:\/\/www.skinfeel.at\/shop\/wp-json\/wp\/v2\/comments?post=3065"}],"version-history":[{"count":1,"href":"https:\/\/www.skinfeel.at\/shop\/wp-json\/wp\/v2\/product\/3065\/revisions"}],"predecessor-version":[{"id":3080,"href":"https:\/\/www.skinfeel.at\/shop\/wp-json\/wp\/v2\/product\/3065\/revisions\/3080"}],"wp:featuredmedia":[{"embeddable":true,"href":"https:\/\/www.skinfeel.at\/shop\/wp-json\/wp\/v2\/media\/3195"}],"wp:attachment":[{"href":"https:\/\/www.skinfeel.at\/shop\/wp-json\/wp\/v2\/media?parent=3065"}],"wp:term":[{"taxonomy":"product_cat","embeddable":true,"href":"https:\/\/www.skinfeel.at\/shop\/wp-json\/wp\/v2\/product_cat?post=3065"},{"taxonomy":"product_tag","embeddable":true,"href":"https:\/\/www.skinfeel.at\/shop\/wp-json\/wp\/v2\/product_tag?post=3065"}],"curies":[{"name":"wp","href":"https:\/\/api.w.org\/{rel}","templated":true}]}}